{"id":96,"date":"2025-06-02T21:29:21","date_gmt":"2025-06-02T21:29:21","guid":{"rendered":"https:\/\/pablojimeno.es\/?page_id=96"},"modified":"2025-06-02T22:02:44","modified_gmt":"2025-06-02T22:02:44","slug":"les-filles-de-sete","status":"publish","type":"page","link":"https:\/\/pablojimeno.es\/index.php\/les-filles-de-sete\/","title":{"rendered":"LES FILLES DE S\u00c8TE"},"content":{"rendered":"\n<figure class=\"wp-block-embed is-type-video is-provider-youtube wp-block-embed-youtube wp-embed-aspect-16-9 wp-has-aspect-ratio\"><div class=\"wp-block-embed__wrapper\">\n<iframe title=\"Les filles de S\u00e8te | Tr\u00e1iler en espa\u00f1ol\" width=\"920\" height=\"518\" src=\"https:\/\/www.youtube.com\/embed\/TdVOY7aVqrQ?start=6&#038;feature=oembed\" frameborder=\"0\" allow=\"accelerometer; autoplay; clipboard-write; encrypted-media; gyroscope; picture-in-picture; web-share\" referrerpolicy=\"strict-origin-when-cross-origin\" allowfullscreen><\/iframe>\n<\/div><\/figure>\n\n\n\n<p>\u2018Les Filles de S\u00e8te\u2019 surge tras un encontronazo casual con la que ser\u00eda una de nuestras protagonistas: Agn\u00e8s. Ella nos introdujo en el curioso mundo que su grupo de amigas jubiladas hab\u00eda construido en la \u00abRue de Tunis\u00bb, una calle de un peque\u00f1o pueblo franc\u00e9s. A trav\u00e9s de ellas aprendimos sobre una realidad que toca poco a los j\u00f3venes: la jubilaci\u00f3n.<\/p>\n\n\n\n<p>La palabra jubilaci\u00f3n viene de &#8216;jubilare&#8217;, que se define como alegr\u00eda viva que se manifiesta al exterior. Sin embargo, \u00bfes as\u00ed como la afronta la mayor\u00eda?&nbsp;<\/p>\n\n\n\n<p>Josy, Agn\u00e8s, Cecile, Nathalie, Ghislaine, Brigitte y Barbara son siete mujeres que est\u00e1n experimentando esa etapa de la vida en la que a veces sienten que ya no son tan necesarias, se acomplejan de su edad o les impresiona el paso del tiempo. Sin embargo, durante el documental podr\u00e9is observar c\u00f3mo juntas son capaces de disfrutar de la tarea de afrontar nuevos retos y experiencias.&nbsp;<\/p>\n\n\n\n<p>Las siete protagonistas \u2014con su forma de vida particular\u2014 siguen descubriendo nuevas facetas suyas. Incluso identifican esta etapa como una&nbsp;\u201cvuelta a la infancia\u201d: retoman una sensaci\u00f3n de libertad que suele disfrutarse sobre todo cuando somos ni\u00f1os. Adem\u00e1s, veremos que la pandemia o el miedo al rid\u00edculo no son un obst\u00e1culo para lograr sacar adelante su proyecto com\u00fan: un espect\u00e1culo musical callejero muy poco habitual.&nbsp;<\/p>\n\n\n\n<figure class=\"wp-block-image size-large\"><img fetchpriority=\"high\" decoding=\"async\" width=\"1024\" height=\"576\" src=\"https:\/\/pablojimeno.es\/wp-content\/uploads\/2025\/06\/festis-les-filles-1024x576.jpeg\" alt=\"\" class=\"wp-image-146\" srcset=\"https:\/\/pablojimeno.es\/wp-content\/uploads\/2025\/06\/festis-les-filles-1024x576.jpeg 1024w, https:\/\/pablojimeno.es\/wp-content\/uploads\/2025\/06\/festis-les-filles-300x169.jpeg 300w, https:\/\/pablojimeno.es\/wp-content\/uploads\/2025\/06\/festis-les-filles-768x432.jpeg 768w, https:\/\/pablojimeno.es\/wp-content\/uploads\/2025\/06\/festis-les-filles-1536x864.jpeg 1536w, https:\/\/pablojimeno.es\/wp-content\/uploads\/2025\/06\/festis-les-filles.jpeg 1600w\" sizes=\"(max-width: 1024px) 100vw, 1024px\" \/><\/figure>\n\n\n\n<p><em>\u201cPremiado en numerosos festivales europeos, \u2018Les filles de S\u00e8te\u2019 es un documental que se presenta con calidad de cuento de hadas. Aqu\u00ed las hadas son mujeres jubiladas. Una historia de siete mujeres que exprimen su creatividad hasta tal punto que se hacen con las calles.<\/em><\/p>\n\n\n\n<p><em>Andr\u00e9s Ribagorda y Pablo Jimeno firman este cortometraje documental que se adentra en la \u201crue de Tunis\u201d, en una peque\u00f1a localidad de Francia llamada S\u00e8te. Siguiendo las bases de lo que Agn\u00e8s Varda hac\u00eda en sus cortos documentales, \u2018Les filles de S\u00e8te\u2019 cuenta con una mirada muy personal e \u00edntima; no solo por las mujeres que habitan en el cortometraje, sino por la perspectiva desde la que los directores firman a sus participantes.<\/em><\/p>\n\n\n\n<p><em>La sororidad de esas mujeres que se ayudan las unas a las otras conforman una peculiar forma de colectividad que est\u00e1 presente en la vida del artista, que casi siempre crea en comunidad. La pandemia, como suceso tangencial de la historia, acompa\u00f1a a la trama, pero no la lidera, y se hace eco del esp\u00edritu de esas mujeres que quieren seguir creando y entreteniendo al pueblo con sus intervenciones art\u00edsticas. Divertida, hipn\u00f3tica y cercana, la obra de estos dos j\u00f3venes estudiantes de cine aspira a ser algo m\u00e1s que un simple cortometraje.\u201d<\/em><\/p>\n\n\n\n<p class=\"has-text-align-right\">Alberto Vandenbroucke, colaborador de la revista de cine 35 Mil\u00edmetros y del programa de Onda Cero Kin\u00f3tico<\/p>\n\n\n\n<figure class=\"wp-block-gallery has-nested-images columns-default is-cropped wp-block-gallery-1 is-layout-flex wp-block-gallery-is-layout-flex\">\n<figure class=\"wp-block-image size-large\"><img decoding=\"async\" width=\"1024\" height=\"576\" data-id=\"15\" src=\"https:\/\/pablojimeno.es\/wp-content\/uploads\/2024\/05\/MV5BMzczN2I0NTYtYmJjZS00OTk3LWI5NmUtZmFjZDg1MzZmMDhlXkEyXkFqcGdeQXVyMTQ5ODQ0NTU0._V1_-1024x576.jpg\" alt=\"\" class=\"wp-image-15\" srcset=\"https:\/\/pablojimeno.es\/wp-content\/uploads\/2024\/05\/MV5BMzczN2I0NTYtYmJjZS00OTk3LWI5NmUtZmFjZDg1MzZmMDhlXkEyXkFqcGdeQXVyMTQ5ODQ0NTU0._V1_-1024x576.jpg 1024w, https:\/\/pablojimeno.es\/wp-content\/uploads\/2024\/05\/MV5BMzczN2I0NTYtYmJjZS00OTk3LWI5NmUtZmFjZDg1MzZmMDhlXkEyXkFqcGdeQXVyMTQ5ODQ0NTU0._V1_-300x169.jpg 300w, https:\/\/pablojimeno.es\/wp-content\/uploads\/2024\/05\/MV5BMzczN2I0NTYtYmJjZS00OTk3LWI5NmUtZmFjZDg1MzZmMDhlXkEyXkFqcGdeQXVyMTQ5ODQ0NTU0._V1_-768x432.jpg 768w, https:\/\/pablojimeno.es\/wp-content\/uploads\/2024\/05\/MV5BMzczN2I0NTYtYmJjZS00OTk3LWI5NmUtZmFjZDg1MzZmMDhlXkEyXkFqcGdeQXVyMTQ5ODQ0NTU0._V1_-1536x864.jpg 1536w, https:\/\/pablojimeno.es\/wp-content\/uploads\/2024\/05\/MV5BMzczN2I0NTYtYmJjZS00OTk3LWI5NmUtZmFjZDg1MzZmMDhlXkEyXkFqcGdeQXVyMTQ5ODQ0NTU0._V1_.jpg 1920w\" sizes=\"(max-width: 1024px) 100vw, 1024px\" \/><\/figure>\n\n\n\n<figure class=\"wp-block-image size-large\"><img decoding=\"async\" width=\"1024\" height=\"576\" data-id=\"16\" src=\"https:\/\/pablojimeno.es\/wp-content\/uploads\/2024\/05\/eE0RD6zw1I9prKkmmxNrJnCZz6pQeDJR5IYDsa1n-1024x576.jpeg\" alt=\"\" class=\"wp-image-16\" srcset=\"https:\/\/pablojimeno.es\/wp-content\/uploads\/2024\/05\/eE0RD6zw1I9prKkmmxNrJnCZz6pQeDJR5IYDsa1n-1024x576.jpeg 1024w, https:\/\/pablojimeno.es\/wp-content\/uploads\/2024\/05\/eE0RD6zw1I9prKkmmxNrJnCZz6pQeDJR5IYDsa1n-300x169.jpeg 300w, https:\/\/pablojimeno.es\/wp-content\/uploads\/2024\/05\/eE0RD6zw1I9prKkmmxNrJnCZz6pQeDJR5IYDsa1n-768x432.jpeg 768w, https:\/\/pablojimeno.es\/wp-content\/uploads\/2024\/05\/eE0RD6zw1I9prKkmmxNrJnCZz6pQeDJR5IYDsa1n-1536x864.jpeg 1536w, https:\/\/pablojimeno.es\/wp-content\/uploads\/2024\/05\/eE0RD6zw1I9prKkmmxNrJnCZz6pQeDJR5IYDsa1n.jpeg 1920w\" sizes=\"(max-width: 1024px) 100vw, 1024px\" \/><\/figure>\n\n\n\n<figure class=\"wp-block-image size-large\"><img loading=\"lazy\" decoding=\"async\" width=\"1024\" height=\"576\" data-id=\"17\" src=\"https:\/\/pablojimeno.es\/wp-content\/uploads\/2024\/05\/IHJMtw5Swgs4Dw7gLNwau7dI0vCxRh7c4wFuytjl-1024x576.jpeg\" alt=\"\" class=\"wp-image-17\" srcset=\"https:\/\/pablojimeno.es\/wp-content\/uploads\/2024\/05\/IHJMtw5Swgs4Dw7gLNwau7dI0vCxRh7c4wFuytjl-1024x576.jpeg 1024w, https:\/\/pablojimeno.es\/wp-content\/uploads\/2024\/05\/IHJMtw5Swgs4Dw7gLNwau7dI0vCxRh7c4wFuytjl-300x169.jpeg 300w, https:\/\/pablojimeno.es\/wp-content\/uploads\/2024\/05\/IHJMtw5Swgs4Dw7gLNwau7dI0vCxRh7c4wFuytjl-768x432.jpeg 768w, https:\/\/pablojimeno.es\/wp-content\/uploads\/2024\/05\/IHJMtw5Swgs4Dw7gLNwau7dI0vCxRh7c4wFuytjl-1536x864.jpeg 1536w, https:\/\/pablojimeno.es\/wp-content\/uploads\/2024\/05\/IHJMtw5Swgs4Dw7gLNwau7dI0vCxRh7c4wFuytjl.jpeg 1920w\" sizes=\"(max-width: 1024px) 100vw, 1024px\" \/><\/figure>\n\n\n\n<figure class=\"wp-block-image size-large\"><img loading=\"lazy\" decoding=\"async\" width=\"1024\" height=\"576\" data-id=\"18\" src=\"https:\/\/pablojimeno.es\/wp-content\/uploads\/2024\/05\/ZR0GJMyBhRiWcCC0cEeqUiPxltZ8PZNbDiZGFuuH-1024x576.jpeg\" alt=\"\" class=\"wp-image-18\" srcset=\"https:\/\/pablojimeno.es\/wp-content\/uploads\/2024\/05\/ZR0GJMyBhRiWcCC0cEeqUiPxltZ8PZNbDiZGFuuH-1024x576.jpeg 1024w, https:\/\/pablojimeno.es\/wp-content\/uploads\/2024\/05\/ZR0GJMyBhRiWcCC0cEeqUiPxltZ8PZNbDiZGFuuH-300x169.jpeg 300w, https:\/\/pablojimeno.es\/wp-content\/uploads\/2024\/05\/ZR0GJMyBhRiWcCC0cEeqUiPxltZ8PZNbDiZGFuuH-768x432.jpeg 768w, https:\/\/pablojimeno.es\/wp-content\/uploads\/2024\/05\/ZR0GJMyBhRiWcCC0cEeqUiPxltZ8PZNbDiZGFuuH-1536x864.jpeg 1536w, https:\/\/pablojimeno.es\/wp-content\/uploads\/2024\/05\/ZR0GJMyBhRiWcCC0cEeqUiPxltZ8PZNbDiZGFuuH.jpeg 1920w\" sizes=\"(max-width: 1024px) 100vw, 1024px\" \/><\/figure>\n\n\n\n<figure class=\"wp-block-image size-large\"><img loading=\"lazy\" decoding=\"async\" width=\"1024\" height=\"576\" data-id=\"19\" src=\"https:\/\/pablojimeno.es\/wp-content\/uploads\/2024\/05\/MV5BOTRiNjI3NTYtNTk5Zi00YTIxLWE1ODMtNTJiMDhkNmQ3ZmIzXkEyXkFqcGdeQXVyMTQ5ODQ0NTU0._V1_-1024x576.jpg\" alt=\"\" class=\"wp-image-19\" srcset=\"https:\/\/pablojimeno.es\/wp-content\/uploads\/2024\/05\/MV5BOTRiNjI3NTYtNTk5Zi00YTIxLWE1ODMtNTJiMDhkNmQ3ZmIzXkEyXkFqcGdeQXVyMTQ5ODQ0NTU0._V1_-1024x576.jpg 1024w, https:\/\/pablojimeno.es\/wp-content\/uploads\/2024\/05\/MV5BOTRiNjI3NTYtNTk5Zi00YTIxLWE1ODMtNTJiMDhkNmQ3ZmIzXkEyXkFqcGdeQXVyMTQ5ODQ0NTU0._V1_-300x169.jpg 300w, https:\/\/pablojimeno.es\/wp-content\/uploads\/2024\/05\/MV5BOTRiNjI3NTYtNTk5Zi00YTIxLWE1ODMtNTJiMDhkNmQ3ZmIzXkEyXkFqcGdeQXVyMTQ5ODQ0NTU0._V1_-768x432.jpg 768w, https:\/\/pablojimeno.es\/wp-content\/uploads\/2024\/05\/MV5BOTRiNjI3NTYtNTk5Zi00YTIxLWE1ODMtNTJiMDhkNmQ3ZmIzXkEyXkFqcGdeQXVyMTQ5ODQ0NTU0._V1_-1536x864.jpg 1536w, https:\/\/pablojimeno.es\/wp-content\/uploads\/2024\/05\/MV5BOTRiNjI3NTYtNTk5Zi00YTIxLWE1ODMtNTJiMDhkNmQ3ZmIzXkEyXkFqcGdeQXVyMTQ5ODQ0NTU0._V1_.jpg 1920w\" sizes=\"(max-width: 1024px) 100vw, 1024px\" \/><\/figure>\n\n\n\n<figure class=\"wp-block-image size-large\"><img loading=\"lazy\" decoding=\"async\" width=\"1024\" height=\"576\" data-id=\"13\" src=\"https:\/\/pablojimeno.es\/wp-content\/uploads\/2024\/05\/A9NbmAUZd3CfwGshsDghBLaiBsR4QiSpcgt1Vt2Z-1024x576.jpeg\" alt=\"\" class=\"wp-image-13\" srcset=\"https:\/\/pablojimeno.es\/wp-content\/uploads\/2024\/05\/A9NbmAUZd3CfwGshsDghBLaiBsR4QiSpcgt1Vt2Z-1024x576.jpeg 1024w, https:\/\/pablojimeno.es\/wp-content\/uploads\/2024\/05\/A9NbmAUZd3CfwGshsDghBLaiBsR4QiSpcgt1Vt2Z-300x169.jpeg 300w, https:\/\/pablojimeno.es\/wp-content\/uploads\/2024\/05\/A9NbmAUZd3CfwGshsDghBLaiBsR4QiSpcgt1Vt2Z-768x432.jpeg 768w, https:\/\/pablojimeno.es\/wp-content\/uploads\/2024\/05\/A9NbmAUZd3CfwGshsDghBLaiBsR4QiSpcgt1Vt2Z-1536x864.jpeg 1536w, https:\/\/pablojimeno.es\/wp-content\/uploads\/2024\/05\/A9NbmAUZd3CfwGshsDghBLaiBsR4QiSpcgt1Vt2Z.jpeg 1920w\" sizes=\"(max-width: 1024px) 100vw, 1024px\" \/><\/figure>\n\n\n\n<figure class=\"wp-block-image size-large\"><img loading=\"lazy\" decoding=\"async\" width=\"1024\" height=\"683\" data-id=\"14\" src=\"https:\/\/pablojimeno.es\/wp-content\/uploads\/2024\/05\/WhatsApp-Image-2022-05-16-at-6.56.06-PM-1536x1025-1-1024x683.jpeg\" alt=\"\" class=\"wp-image-14\" srcset=\"https:\/\/pablojimeno.es\/wp-content\/uploads\/2024\/05\/WhatsApp-Image-2022-05-16-at-6.56.06-PM-1536x1025-1-1024x683.jpeg 1024w, https:\/\/pablojimeno.es\/wp-content\/uploads\/2024\/05\/WhatsApp-Image-2022-05-16-at-6.56.06-PM-1536x1025-1-300x200.jpeg 300w, https:\/\/pablojimeno.es\/wp-content\/uploads\/2024\/05\/WhatsApp-Image-2022-05-16-at-6.56.06-PM-1536x1025-1-768x513.jpeg 768w, https:\/\/pablojimeno.es\/wp-content\/uploads\/2024\/05\/WhatsApp-Image-2022-05-16-at-6.56.06-PM-1536x1025-1.jpeg 1536w\" sizes=\"(max-width: 1024px) 100vw, 1024px\" \/><\/figure>\n<\/figure>\n\n\n\n<p><\/p>\n","protected":false},"excerpt":{"rendered":"<p>\u2018Les Filles de S\u00e8te\u2019 surge tras un encontronazo casual con la que ser\u00eda una de nuestras protagonistas: Agn\u00e8s. Ella nos introdujo en el curioso mundo que su grupo de amigas<\/p>\n<p class=\"more-link\"><a href=\"https:\/\/pablojimeno.es\/index.php\/les-filles-de-sete\/\" class=\"readmore\">Seguir leyendo&#8230;<span class=\"screen-reader-text\">LES FILLES DE S\u00c8TE<\/span><\/a><\/p>\n","protected":false},"author":1,"featured_media":0,"parent":0,"menu_order":0,"comment_status":"closed","ping_status":"closed","template":"","meta":{"footnotes":""},"class_list":["post-96","page","type-page","status-publish","hentry"],"_links":{"self":[{"href":"https:\/\/pablojimeno.es\/index.php\/wp-json\/wp\/v2\/pages\/96","targetHints":{"allow":["GET"]}}],"collection":[{"href":"https:\/\/pablojimeno.es\/index.php\/wp-json\/wp\/v2\/pages"}],"about":[{"href":"https:\/\/pablojimeno.es\/index.php\/wp-json\/wp\/v2\/types\/page"}],"author":[{"embeddable":true,"href":"https:\/\/pablojimeno.es\/index.php\/wp-json\/wp\/v2\/users\/1"}],"replies":[{"embeddable":true,"href":"https:\/\/pablojimeno.es\/index.php\/wp-json\/wp\/v2\/comments?post=96"}],"version-history":[{"count":2,"href":"https:\/\/pablojimeno.es\/index.php\/wp-json\/wp\/v2\/pages\/96\/revisions"}],"predecessor-version":[{"id":147,"href":"https:\/\/pablojimeno.es\/index.php\/wp-json\/wp\/v2\/pages\/96\/revisions\/147"}],"wp:attachment":[{"href":"https:\/\/pablojimeno.es\/index.php\/wp-json\/wp\/v2\/media?parent=96"}],"curies":[{"name":"wp","href":"https:\/\/api.w.org\/{rel}","templated":true}]}}