{"id":53,"date":"2024-10-29T10:01:33","date_gmt":"2024-10-29T10:01:33","guid":{"rendered":"https:\/\/pablojimeno.es\/?page_id=53"},"modified":"2025-06-02T22:43:18","modified_gmt":"2025-06-02T22:43:18","slug":"contact","status":"publish","type":"page","link":"https:\/\/pablojimeno.es\/index.php\/contact\/","title":{"rendered":"Contacto"},"content":{"rendered":"\n<p>Pablo Jimeno es un fot\u00f3grafo y documentalista espa\u00f1ol cuyos documentales se han proyectado internacionalmente.<br>Con formaci\u00f3n en periodismo y artes visuales, Pablo aborda sus proyectos con una profunda sensibilidad hacia el contexto, buscando siempre amplificar las voces locales en lugar de imponer narrativas, que a menudo surgen de colaboraciones a largo plazo y de una investigaci\u00f3n inmersiva.<\/p>\n\n\n\n<p>Instagram: <a href=\"https:\/\/www.instagram.com\/pjimenomtnz\/\">@pjimenomtnz<\/a><\/p>\n\n\n\n<p>Email: pjimenomtnz@gmail.com<\/p>\n\n\n\n<p><\/p>\n","protected":false},"excerpt":{"rendered":"<p>Pablo Jimeno es un fot\u00f3grafo y documentalista espa\u00f1ol cuyos documentales se han proyectado internacionalmente.Con formaci\u00f3n en periodismo y artes visuales, Pablo aborda sus proyectos con una profunda sensibilidad hacia el<\/p>\n<p class=\"more-link\"><a href=\"https:\/\/pablojimeno.es\/index.php\/contact\/\" class=\"readmore\">Seguir leyendo&#8230;<span class=\"screen-reader-text\">Contacto<\/span><\/a><\/p>\n","protected":false},"author":1,"featured_media":0,"parent":0,"menu_order":0,"comment_status":"closed","ping_status":"closed","template":"","meta":{"footnotes":""},"class_list":["post-53","page","type-page","status-publish","hentry"],"_links":{"self":[{"href":"https:\/\/pablojimeno.es\/index.php\/wp-json\/wp\/v2\/pages\/53","targetHints":{"allow":["GET"]}}],"collection":[{"href":"https:\/\/pablojimeno.es\/index.php\/wp-json\/wp\/v2\/pages"}],"about":[{"href":"https:\/\/pablojimeno.es\/index.php\/wp-json\/wp\/v2\/types\/page"}],"author":[{"embeddable":true,"href":"https:\/\/pablojimeno.es\/index.php\/wp-json\/wp\/v2\/users\/1"}],"replies":[{"embeddable":true,"href":"https:\/\/pablojimeno.es\/index.php\/wp-json\/wp\/v2\/comments?post=53"}],"version-history":[{"count":2,"href":"https:\/\/pablojimeno.es\/index.php\/wp-json\/wp\/v2\/pages\/53\/revisions"}],"predecessor-version":[{"id":151,"href":"https:\/\/pablojimeno.es\/index.php\/wp-json\/wp\/v2\/pages\/53\/revisions\/151"}],"wp:attachment":[{"href":"https:\/\/pablojimeno.es\/index.php\/wp-json\/wp\/v2\/media?parent=53"}],"curies":[{"name":"wp","href":"https:\/\/api.w.org\/{rel}","templated":true}]}}

<p>Pablo Jimeno es un fotógrafo y documentalista español cuyos documentales se han proyectado internacionalmente.<br>Con formación en periodismo y artes visuales, Pablo aborda sus proyectos con una profunda sensibilidad hacia el contexto, buscando siempre amplificar las voces locales en lugar de imponer narrativas, que a menudo surgen de colaboraciones a largo plazo y de una investigación inmersiva.</p>



<p>Instagram: <a href="https://www.instagram.com/pjimenomtnz/">@pjimenomtnz</a></p>



<p>Email: pjimenomtnz@gmail.com</p>



<p></p>

<p>Pablo Jimeno es un fotógrafo y documentalista español cuyos documentales se han proyectado internacionalmente.Con formación en periodismo y artes visuales, Pablo aborda sus proyectos con una profunda sensibilidad hacia el</p>
<p class="more-link"><a href="https://pablojimeno.es/index.php/contact/" class="readmore">Seguir leyendo&#8230;<span class="screen-reader-text">Contacto</span></a></p>
