{"id":51,"date":"2024-10-29T10:01:24","date_gmt":"2024-10-29T10:01:24","guid":{"rendered":"https:\/\/pablojimeno.es\/?page_id=51"},"modified":"2025-06-23T21:16:23","modified_gmt":"2025-06-23T21:16:23","slug":"documentary","status":"publish","type":"page","link":"https:\/\/pablojimeno.es\/index.php\/documentary\/","title":{"rendered":"30 MINUTOS EN SUDAM\u00c9RICA"},"content":{"rendered":"\n<p>He estado dando forma a un proyecto para compartir historias que me llaman la atenci\u00f3n en distintos rincones de Sudam\u00e9rica. Relatos que no necesitan grandes producciones, sino que encuentran fuerza en la honestidad de quienes los viven.<\/p>\n\n\n\n<figure class=\"wp-block-embed is-type-video is-provider-vimeo wp-block-embed-vimeo wp-embed-aspect-16-9 wp-has-aspect-ratio\"><div class=\"wp-block-embed__wrapper\">\n<iframe title=\"BOHEMIA - UN D\u00cdA CON CAF\u00c9 | Cortometraje Documental por Pablo Jimeno\" src=\"https:\/\/player.vimeo.com\/video\/1086133054?dnt=1&amp;app_id=122963\" width=\"920\" height=\"518\" frameborder=\"0\" allow=\"autoplay; fullscreen; picture-in-picture; clipboard-write; encrypted-media; web-share\"><\/iframe>\n<\/div><\/figure>\n\n\n\n<p>LIV BOHEMIA \u2013 UN DIA CON CAF\u00c9 <\/p>\n\n\n\n<p>Conoc\u00ed a Liv en Colonia, en Uruguay, una colombiana que lleg\u00f3 al pa\u00eds por amor y decidi\u00f3 quedarse para darle vida a Bohemia, su cafeter\u00eda m\u00f3vil. Durante a\u00f1os, ese proyecto le permiti\u00f3 combinar su pasi\u00f3n por el caf\u00e9 con la libertad de viajar y crear comunidad en cada lugar que visitaba.<\/p>\n\n\n\n<p>Como ella dice, \u201cm\u00e1s que un caf\u00e9 es una experiencia\u201d. Ese esp\u00edritu se siente en cada taza, en cada conversaci\u00f3n, en cada sonrisa. Bohemia fue mucho m\u00e1s que una cafeter\u00eda; fue un espacio para generar encuentros que dejan huella en quienes la visitan.<\/p>\n\n\n\n<p>En este documental, retrato ese tiempo de su vida, donde cada caf\u00e9 y cada encuentro fueron parte de una historia en movimiento.<\/p>\n\n\n\n<p>Ahora, Liv cierra esa etapa para abrirse a nuevos proyectos, y esta pieza queda como un testimonio de ese tiempo que la defini\u00f3.<\/p>\n\n\n\n<figure class=\"wp-block-embed is-type-video is-provider-vimeo wp-block-embed-vimeo wp-embed-aspect-16-9 wp-has-aspect-ratio\"><div class=\"wp-block-embed__wrapper\">\n<iframe title=\"TIERRAMAR - UN JARDIN COMESTIBLE | Cortometraje Documental por Pablo Jimeno\" src=\"https:\/\/player.vimeo.com\/video\/1086223986?dnt=1&amp;app_id=122963\" width=\"920\" height=\"518\" frameborder=\"0\" allow=\"autoplay; fullscreen; picture-in-picture; clipboard-write; encrypted-media; web-share\"><\/iframe>\n<\/div><\/figure>\n\n\n\n<p>TIERRAMAR \u2013 UN JARDIN COMESTIBLE <\/p>\n\n\n\n<p>Este episodio me hace especial ilusi\u00f3n, ya que Vero y yo nos conocimos en 2019, en el norte de Espa\u00f1a, y mentir\u00eda si negara que ese encuentro fue un impulso importante a la hora de empezar a germinar en mi cabeza el sue\u00f1o de este viaje por Sudam\u00e9rica.<\/p>\n\n\n\n<p>En aquel entonces, no s\u00e9 si alguno de los dos imaginaba que realmente volver\u00edamos a encontrarnos casi seis a\u00f1os despu\u00e9s, del otro lado del oc\u00e9ano.<\/p>\n\n\n\n<p>El reencuentro sucedi\u00f3 en TierraMar, donde su camino y el de su compa\u00f1ero se entrelazan en una vida enraizada en la gastronom\u00eda, la tierra, el cuidado y la creaci\u00f3n consciente. Inspirado en la permacultura, la bioconstrucci\u00f3n y la conciencia, TierraMar es un proyecto de vida con el que Vero y Gast\u00f3n apuestan por habitar el planeta de una manera diferente.<\/p>\n\n\n\n<p>Desde una propuesta gastron\u00f3mica sustentable, hasta una casa construida casi por completo con materiales reciclados, el dise\u00f1o de cada detalle pone en el centro el cuidado del agua, el entorno y las futuras generaciones.<\/p>\n\n\n\n<p>Entre \u201cbarro y botellitas de colores\u201d, Vero descubre no solo la habilidad de construir paredes con sus propias manos, sino tambi\u00e9n el gusto por crear hogar en cada detalle, y ver c\u00f3mo cada rinc\u00f3n puede contar una historia.<\/p>\n\n\n\n<figure class=\"wp-block-embed is-type-video is-provider-vimeo wp-block-embed-vimeo wp-embed-aspect-16-9 wp-has-aspect-ratio\"><div class=\"wp-block-embed__wrapper\">\n<iframe title=\"LANGER \u2013 UN HUMOR EN RETIRADA | Cortometraje documental por Pablo Jimeno\" src=\"https:\/\/player.vimeo.com\/video\/1085365015?dnt=1&amp;app_id=122963\" width=\"920\" height=\"518\" frameborder=\"0\" allow=\"autoplay; fullscreen; picture-in-picture; clipboard-write; encrypted-media; web-share\"><\/iframe>\n<\/div><\/figure>\n\n\n\n<p>SERGIO LANGER \u2013 UN HUMOR EN RETIRADA <\/p>\n\n\n\n<p>Sergio Langer (Buenos Aires, 1959) es un arquitecto, humorista gr\u00e1fico e ilustrador argentino reconocido por su estilo sat\u00edrico y grotesco.<\/p>\n\n\n\n<p>Desde sus inicios en 1979 en la revista Humor, ha colaborado con numerosos medios nacionales e internacionales. Su estilo \u00e1cido y provocador, centrado en el humor negro y la cr\u00edtica pol\u00edtica, lo convirti\u00f3 en una figura clave del humor gr\u00e1fico en Argentina.<\/p>\n\n\n\n<p>Sergio y yo nos conocimos en Santa Ana, Uruguay, tomando un caf\u00e9 en Espacio Timb\u00f3, a trav\u00e9s de unos amigos en com\u00fan. Un par de semanas despu\u00e9s me invit\u00f3 a visitar su estudio en el barrio porte\u00f1o de Paternal, donde grabamos esta pieza.<\/p>\n\n\n\n<p>En este episodio, Langer reflexiona sobre la definici\u00f3n del arte y sobre el humor como una herramienta vital de denuncia y conexi\u00f3n social. Aborda temas como la pol\u00edtica, el patriotismo, la libertad de expresi\u00f3n y la importancia de la risa.<\/p>\n\n\n\n<figure class=\"wp-block-embed is-type-video is-provider-vimeo wp-block-embed-vimeo wp-embed-aspect-16-9 wp-has-aspect-ratio\"><div class=\"wp-block-embed__wrapper\">\n<iframe title=\"LA FLORESTADA - MANIFESTAR UN SUE\u00d1O | Cortometraje documental por Pablo Jimeno\" src=\"https:\/\/player.vimeo.com\/video\/1087426547?dnt=1&amp;app_id=122963\" width=\"920\" height=\"518\" frameborder=\"0\" allow=\"autoplay; fullscreen; picture-in-picture; clipboard-write; encrypted-media; web-share\"><\/iframe>\n<\/div><\/figure>\n\n\n\n<p>LA FLORESTADA &#8211; MANIFESTAR UN SUE\u00d1O<\/p>\n\n\n\n<p>Tania naci\u00f3 en Argentina y viaj\u00f3 siete a\u00f1os buscando algo que no ten\u00eda nombre.<br>Lo encontr\u00f3 cuando decidi\u00f3 dejar de moverse. No para quedarse quieta, sino para echar ra\u00edces.<\/p>\n\n\n\n<p>En el campo uruguayo empez\u00f3 a levantar, poco a poco, el proyecto que ven\u00eda gestando desde hac\u00eda tiempo: un espacio para criar a su hijo en contacto con la naturaleza y compartir una forma de vida basada en la bioconstrucci\u00f3n, la permacultura y el encuentro.<\/p>\n\n\n\n<p>Mi llegada a La Florestada fue una sucesi\u00f3n de casualidades que me llev\u00f3 a sumarme al proyecto como voluntario. Este episodio nace de esa experiencia compartida: como registro, como agradecimiento, y como testimonio de un proceso que, aunque incipiente, ya tiene mucho para decir.<\/p>\n\n\n\n<figure class=\"wp-block-embed is-type-video is-provider-vimeo wp-block-embed-vimeo wp-embed-aspect-16-9 wp-has-aspect-ratio\"><div class=\"wp-block-embed__wrapper\">\n<iframe title=\"MAXI - EL ARTE DE LO SIMPLE | Cortometraje Documental por Pablo Jimeno\" src=\"https:\/\/player.vimeo.com\/video\/1091606341?dnt=1&amp;app_id=122963\" width=\"920\" height=\"518\" frameborder=\"0\" allow=\"autoplay; fullscreen; picture-in-picture; clipboard-write; encrypted-media; web-share\"><\/iframe>\n<\/div><\/figure>\n\n\n\n<p>MAXI \u2013 EL ARTE DE LO SENCILLO <\/p>\n\n\n\n<p>Conoc\u00ed a Maxi en Colonia del Sacramento, Uruguay, donde se dedica al dise\u00f1o y fabricaci\u00f3n de m\u00e1quinas para facilitar tareas relacionadas con la permacultura y la bioconstrucci\u00f3n.<\/p>\n\n\n\n<p>Al igual que a \u00e9l, a m\u00ed tambi\u00e9n siempre me han interesado mucho los oficios y la manera en la que la creatividad se combina con la t\u00e9cnica para dar forma a proyectos concretos. En su caso, esa combinaci\u00f3n se traduce en un equilibrio entre el pensamiento art\u00edstico y el conocimiento artesanal.<\/p>\n\n\n\n<p>El documental lo muestra en su taller y en otros espacios cotidianos, donde el trabajo manual no es solo una forma de ganarse la vida, sino una manera de estar presente, disfrutar de lo simple y aprender constantemente a trav\u00e9s de la pr\u00e1ctica, la curiosidad y la disposici\u00f3n a experimentar.<\/p>\n\n\n\n<figure class=\"wp-block-embed is-type-video is-provider-vimeo wp-block-embed-vimeo wp-embed-aspect-16-9 wp-has-aspect-ratio\"><div class=\"wp-block-embed__wrapper\">\n<iframe title=\"AMPI \u2013 DIOS ATIENDE EN BUENOS AIRES | Un Cortometraje Documental por Pablo Jimeno\" src=\"https:\/\/player.vimeo.com\/video\/1095451254?dnt=1&amp;app_id=122963\" width=\"920\" height=\"518\" frameborder=\"0\" allow=\"autoplay; fullscreen; picture-in-picture; clipboard-write; encrypted-media; web-share\"><\/iframe>\n<\/div><\/figure>\n\n\n\n<p>AMPI \u2013 DIOS ATIENDE EN BUENOS AIRES<\/p>\n\n\n\n<p>Amparo Mart\u00ednez es artista. Canta, escribe y vive en Buenos Aires, aunque naci\u00f3 en Ramallo, un pueblo al norte de la provincia.\u2028Desde chica encontr\u00f3 en el arte un refugio frente a la timidez. La m\u00fasica y la escritura se convirtieron en un modo de expresarse, de entenderse y de estar en el mundo.<\/p>\n\n\n\n<p>En un momento de su vida, decidi\u00f3 dejarlo todo, salir de su pueblo y emprender un viaje por Latinoam\u00e9rica. En ese camino se reafirm\u00f3 en su v\u00ednculo con la m\u00fasica, no como una meta, sino como una necesidad.<\/p>\n\n\n\n<p>Hoy, mientras escribe su primer libro, reflexiona sobre su fe, las infancias, sus contradicciones con la gran ciudad y la importancia de crear desde lo que le hace bien.<\/p>\n\n\n\n<p>Ampi y yo nos conocimos este verano en Chapadmalal y desde ese encuentro nuestra relaci\u00f3n ha evolucionado hasta que, a d\u00eda de hoy, tengo la suerte de poder llamarla mi amiga. <\/p>\n\n\n\n<p>Ampi no solo es una artista impresionante, sino que tambi\u00e9n es una persona con may\u00fasculas: me siento muy feliz de poder dedicarle un pedacito de mi arte e inmortalizar en esta pieza nuestra amistad.<\/p>\n\n\n\n<figure class=\"wp-block-embed is-type-video is-provider-vimeo wp-block-embed-vimeo wp-embed-aspect-16-9 wp-has-aspect-ratio\"><div class=\"wp-block-embed__wrapper\">\n<iframe title=\"CLARO - NIHILISMO EN VHS | Un Cortometraje Documental por Pablo Jimeno\" src=\"https:\/\/player.vimeo.com\/video\/1095416858?dnt=1&amp;app_id=122963\" width=\"920\" height=\"518\" frameborder=\"0\" allow=\"autoplay; fullscreen; picture-in-picture; clipboard-write; encrypted-media; web-share\"><\/iframe>\n<\/div><\/figure>\n\n\n\n<p>CLARO &#8211; NIHILISMO EN VHS<\/p>\n\n\n\n<p>Nico es Claro en VHS. Filma en cinta, toma caf\u00e9 y anda en skate.<\/p>\n\n\n\n<p>Desde chico se meti\u00f3 en ese universo callejero, y escogi\u00f3 la c\u00e1mara y la tabla como elementos representativos de su identidad. f<\/p>\n\n\n\n<p>Aprendi\u00f3 grabando, probando, haciendo. Su primer sueldo se lo gast\u00f3 en una VX2100.<\/p>\n\n\n\n<p>Nunca estudi\u00f3 cine, pero fue entendiendo que hab\u00eda algo en ese filmmaking \u201ctrash\u201d que le volv\u00eda loco. Una forma de mirar el mundo y registrarlo, aunque no tenga mucho sentido. O justamente por eso.<\/p>\n\n\n\n<p>Despu\u00e9s vino el caf\u00e9. El trabajo de barista, las catas, el origen, los viajes. Un agujero negro del que no quiere salir.<\/p>\n\n\n\n<p>Nos conocimos en Las Tunas, Ecuador. \u00c9l estaba recorriendo el pa\u00eds para conocer su caf\u00e9. Yo tambi\u00e9n estaba por all\u00ed grabando, aunque por motivos muy distintos.<\/p>\n\n\n\n<p>Este episodio surge de ese extra\u00f1o cruce: un retrato de alguien que elige caminos parecidos a los m\u00edos, como son grabar y viajar, aunque por motivos infinitamente diferentes.<\/p>\n","protected":false},"excerpt":{"rendered":"<p>He estado dando forma a un proyecto para compartir historias que me llaman la atenci\u00f3n en distintos rincones de Sudam\u00e9rica. Relatos que no necesitan grandes producciones, sino que encuentran fuerza<\/p>\n<p class=\"more-link\"><a href=\"https:\/\/pablojimeno.es\/index.php\/documentary\/\" class=\"readmore\">Seguir leyendo&#8230;<span class=\"screen-reader-text\">30 MINUTOS EN SUDAM\u00c9RICA<\/span><\/a><\/p>\n","protected":false},"author":1,"featured_media":0,"parent":0,"menu_order":0,"comment_status":"closed","ping_status":"closed","template":"","meta":{"footnotes":""},"class_list":["post-51","page","type-page","status-publish","hentry"],"_links":{"self":[{"href":"https:\/\/pablojimeno.es\/index.php\/wp-json\/wp\/v2\/pages\/51","targetHints":{"allow":["GET"]}}],"collection":[{"href":"https:\/\/pablojimeno.es\/index.php\/wp-json\/wp\/v2\/pages"}],"about":[{"href":"https:\/\/pablojimeno.es\/index.php\/wp-json\/wp\/v2\/types\/page"}],"author":[{"embeddable":true,"href":"https:\/\/pablojimeno.es\/index.php\/wp-json\/wp\/v2\/users\/1"}],"replies":[{"embeddable":true,"href":"https:\/\/pablojimeno.es\/index.php\/wp-json\/wp\/v2\/comments?post=51"}],"version-history":[{"count":8,"href":"https:\/\/pablojimeno.es\/index.php\/wp-json\/wp\/v2\/pages\/51\/revisions"}],"predecessor-version":[{"id":322,"href":"https:\/\/pablojimeno.es\/index.php\/wp-json\/wp\/v2\/pages\/51\/revisions\/322"}],"wp:attachment":[{"href":"https:\/\/pablojimeno.es\/index.php\/wp-json\/wp\/v2\/media?parent=51"}],"curies":[{"name":"wp","href":"https:\/\/api.w.org\/{rel}","templated":true}]}}

30 MINUTOS EN SUDAMÉRICA

<p>He estado dando forma a un proyecto para compartir historias que me llaman la atención en distintos rincones de Sudamérica. Relatos que no necesitan grandes producciones, sino que encuentran fuerza en la honestidad de quienes los viven.</p>



<figure class="wp-block-embed is-type-video is-provider-vimeo wp-block-embed-vimeo wp-embed-aspect-16-9 wp-has-aspect-ratio"><div class="wp-block-embed__wrapper">
<iframe title="BOHEMIA - UN DÍA CON CAFÉ | Cortometraje Documental por Pablo Jimeno" src="https://player.vimeo.com/video/1086133054?dnt=1&amp;app_id=122963" width="920" height="518" frameborder="0" allow="autoplay; fullscreen; picture-in-picture; clipboard-write; encrypted-media; web-share"></iframe>
</div></figure>



<p>LIV BOHEMIA – UN DIA CON CAFÉ </p>



<p>Conocí a Liv en Colonia, en Uruguay, una colombiana que llegó al país por amor y decidió quedarse para darle vida a Bohemia, su cafetería móvil. Durante años, ese proyecto le permitió combinar su pasión por el café con la libertad de viajar y crear comunidad en cada lugar que visitaba.</p>



<p>Como ella dice, “más que un café es una experiencia”. Ese espíritu se siente en cada taza, en cada conversación, en cada sonrisa. Bohemia fue mucho más que una cafetería; fue un espacio para generar encuentros que dejan huella en quienes la visitan.</p>



<p>En este documental, retrato ese tiempo de su vida, donde cada café y cada encuentro fueron parte de una historia en movimiento.</p>



<p>Ahora, Liv cierra esa etapa para abrirse a nuevos proyectos, y esta pieza queda como un testimonio de ese tiempo que la definió.</p>



<figure class="wp-block-embed is-type-video is-provider-vimeo wp-block-embed-vimeo wp-embed-aspect-16-9 wp-has-aspect-ratio"><div class="wp-block-embed__wrapper">
<iframe title="TIERRAMAR - UN JARDIN COMESTIBLE | Cortometraje Documental por Pablo Jimeno" src="https://player.vimeo.com/video/1086223986?dnt=1&amp;app_id=122963" width="920" height="518" frameborder="0" allow="autoplay; fullscreen; picture-in-picture; clipboard-write; encrypted-media; web-share"></iframe>
</div></figure>



<p>TIERRAMAR – UN JARDIN COMESTIBLE </p>



<p>Este episodio me hace especial ilusión, ya que Vero y yo nos conocimos en 2019, en el norte de España, y mentiría si negara que ese encuentro fue un impulso importante a la hora de empezar a germinar en mi cabeza el sueño de este viaje por Sudamérica.</p>



<p>En aquel entonces, no sé si alguno de los dos imaginaba que realmente volveríamos a encontrarnos casi seis años después, del otro lado del océano.</p>



<p>El reencuentro sucedió en TierraMar, donde su camino y el de su compañero se entrelazan en una vida enraizada en la gastronomía, la tierra, el cuidado y la creación consciente. Inspirado en la permacultura, la bioconstrucción y la conciencia, TierraMar es un proyecto de vida con el que Vero y Gastón apuestan por habitar el planeta de una manera diferente.</p>



<p>Desde una propuesta gastronómica sustentable, hasta una casa construida casi por completo con materiales reciclados, el diseño de cada detalle pone en el centro el cuidado del agua, el entorno y las futuras generaciones.</p>



<p>Entre “barro y botellitas de colores”, Vero descubre no solo la habilidad de construir paredes con sus propias manos, sino también el gusto por crear hogar en cada detalle, y ver cómo cada rincón puede contar una historia.</p>



<figure class="wp-block-embed is-type-video is-provider-vimeo wp-block-embed-vimeo wp-embed-aspect-16-9 wp-has-aspect-ratio"><div class="wp-block-embed__wrapper">
<iframe title="LANGER – UN HUMOR EN RETIRADA | Cortometraje documental por Pablo Jimeno" src="https://player.vimeo.com/video/1085365015?dnt=1&amp;app_id=122963" width="920" height="518" frameborder="0" allow="autoplay; fullscreen; picture-in-picture; clipboard-write; encrypted-media; web-share"></iframe>
</div></figure>



<p>SERGIO LANGER – UN HUMOR EN RETIRADA </p>



<p>Sergio Langer (Buenos Aires, 1959) es un arquitecto, humorista gráfico e ilustrador argentino reconocido por su estilo satírico y grotesco.</p>



<p>Desde sus inicios en 1979 en la revista Humor, ha colaborado con numerosos medios nacionales e internacionales. Su estilo ácido y provocador, centrado en el humor negro y la crítica política, lo convirtió en una figura clave del humor gráfico en Argentina.</p>



<p>Sergio y yo nos conocimos en Santa Ana, Uruguay, tomando un café en Espacio Timbó, a través de unos amigos en común. Un par de semanas después me invitó a visitar su estudio en el barrio porteño de Paternal, donde grabamos esta pieza.</p>



<p>En este episodio, Langer reflexiona sobre la definición del arte y sobre el humor como una herramienta vital de denuncia y conexión social. Aborda temas como la política, el patriotismo, la libertad de expresión y la importancia de la risa.</p>



<figure class="wp-block-embed is-type-video is-provider-vimeo wp-block-embed-vimeo wp-embed-aspect-16-9 wp-has-aspect-ratio"><div class="wp-block-embed__wrapper">
<iframe title="LA FLORESTADA - MANIFESTAR UN SUEÑO | Cortometraje documental por Pablo Jimeno" src="https://player.vimeo.com/video/1087426547?dnt=1&amp;app_id=122963" width="920" height="518" frameborder="0" allow="autoplay; fullscreen; picture-in-picture; clipboard-write; encrypted-media; web-share"></iframe>
</div></figure>



<p>LA FLORESTADA &#8211; MANIFESTAR UN SUEÑO</p>



<p>Tania nació en Argentina y viajó siete años buscando algo que no tenía nombre.<br>Lo encontró cuando decidió dejar de moverse. No para quedarse quieta, sino para echar raíces.</p>



<p>En el campo uruguayo empezó a levantar, poco a poco, el proyecto que venía gestando desde hacía tiempo: un espacio para criar a su hijo en contacto con la naturaleza y compartir una forma de vida basada en la bioconstrucción, la permacultura y el encuentro.</p>



<p>Mi llegada a La Florestada fue una sucesión de casualidades que me llevó a sumarme al proyecto como voluntario. Este episodio nace de esa experiencia compartida: como registro, como agradecimiento, y como testimonio de un proceso que, aunque incipiente, ya tiene mucho para decir.</p>



<figure class="wp-block-embed is-type-video is-provider-vimeo wp-block-embed-vimeo wp-embed-aspect-16-9 wp-has-aspect-ratio"><div class="wp-block-embed__wrapper">
<iframe title="MAXI - EL ARTE DE LO SIMPLE | Cortometraje Documental por Pablo Jimeno" src="https://player.vimeo.com/video/1091606341?dnt=1&amp;app_id=122963" width="920" height="518" frameborder="0" allow="autoplay; fullscreen; picture-in-picture; clipboard-write; encrypted-media; web-share"></iframe>
</div></figure>



<p>MAXI – EL ARTE DE LO SENCILLO </p>



<p>Conocí a Maxi en Colonia del Sacramento, Uruguay, donde se dedica al diseño y fabricación de máquinas para facilitar tareas relacionadas con la permacultura y la bioconstrucción.</p>



<p>Al igual que a él, a mí también siempre me han interesado mucho los oficios y la manera en la que la creatividad se combina con la técnica para dar forma a proyectos concretos. En su caso, esa combinación se traduce en un equilibrio entre el pensamiento artístico y el conocimiento artesanal.</p>



<p>El documental lo muestra en su taller y en otros espacios cotidianos, donde el trabajo manual no es solo una forma de ganarse la vida, sino una manera de estar presente, disfrutar de lo simple y aprender constantemente a través de la práctica, la curiosidad y la disposición a experimentar.</p>



<figure class="wp-block-embed is-type-video is-provider-vimeo wp-block-embed-vimeo wp-embed-aspect-16-9 wp-has-aspect-ratio"><div class="wp-block-embed__wrapper">
<iframe title="AMPI – DIOS ATIENDE EN BUENOS AIRES | Un Cortometraje Documental por Pablo Jimeno" src="https://player.vimeo.com/video/1095451254?dnt=1&amp;app_id=122963" width="920" height="518" frameborder="0" allow="autoplay; fullscreen; picture-in-picture; clipboard-write; encrypted-media; web-share"></iframe>
</div></figure>



<p>AMPI – DIOS ATIENDE EN BUENOS AIRES</p>



<p>Amparo Martínez es artista. Canta, escribe y vive en Buenos Aires, aunque nació en Ramallo, un pueblo al norte de la provincia. Desde chica encontró en el arte un refugio frente a la timidez. La música y la escritura se convirtieron en un modo de expresarse, de entenderse y de estar en el mundo.</p>



<p>En un momento de su vida, decidió dejarlo todo, salir de su pueblo y emprender un viaje por Latinoamérica. En ese camino se reafirmó en su vínculo con la música, no como una meta, sino como una necesidad.</p>



<p>Hoy, mientras escribe su primer libro, reflexiona sobre su fe, las infancias, sus contradicciones con la gran ciudad y la importancia de crear desde lo que le hace bien.</p>



<p>Ampi y yo nos conocimos este verano en Chapadmalal y desde ese encuentro nuestra relación ha evolucionado hasta que, a día de hoy, tengo la suerte de poder llamarla mi amiga. </p>



<p>Ampi no solo es una artista impresionante, sino que también es una persona con mayúsculas: me siento muy feliz de poder dedicarle un pedacito de mi arte e inmortalizar en esta pieza nuestra amistad.</p>



<figure class="wp-block-embed is-type-video is-provider-vimeo wp-block-embed-vimeo wp-embed-aspect-16-9 wp-has-aspect-ratio"><div class="wp-block-embed__wrapper">
<iframe title="CLARO - NIHILISMO EN VHS | Un Cortometraje Documental por Pablo Jimeno" src="https://player.vimeo.com/video/1095416858?dnt=1&amp;app_id=122963" width="920" height="518" frameborder="0" allow="autoplay; fullscreen; picture-in-picture; clipboard-write; encrypted-media; web-share"></iframe>
</div></figure>



<p>CLARO &#8211; NIHILISMO EN VHS</p>



<p>Nico es Claro en VHS. Filma en cinta, toma café y anda en skate.</p>



<p>Desde chico se metió en ese universo callejero, y escogió la cámara y la tabla como elementos representativos de su identidad. f</p>



<p>Aprendió grabando, probando, haciendo. Su primer sueldo se lo gastó en una VX2100.</p>



<p>Nunca estudió cine, pero fue entendiendo que había algo en ese filmmaking “trash” que le volvía loco. Una forma de mirar el mundo y registrarlo, aunque no tenga mucho sentido. O justamente por eso.</p>



<p>Después vino el café. El trabajo de barista, las catas, el origen, los viajes. Un agujero negro del que no quiere salir.</p>



<p>Nos conocimos en Las Tunas, Ecuador. Él estaba recorriendo el país para conocer su café. Yo también estaba por allí grabando, aunque por motivos muy distintos.</p>



<p>Este episodio surge de ese extraño cruce: un retrato de alguien que elige caminos parecidos a los míos, como son grabar y viajar, aunque por motivos infinitamente diferentes.</p>

<p>He estado dando forma a un proyecto para compartir historias que me llaman la atención en distintos rincones de Sudamérica. Relatos que no necesitan grandes producciones, sino que encuentran fuerza</p>
<p class="more-link"><a href="https://pablojimeno.es/index.php/documentary/" class="readmore">Seguir leyendo&#8230;<span class="screen-reader-text">30 MINUTOS EN SUDAMÉRICA</span></a></p>
